 (-8 + -5))) + 0?
-8
Calculate -3 + (-1 - (0 + -2)).
-2
Calculate 8 - (3 + 5 + -4).
4
7 - (0 - (-6 + 2))
3
Evaluate (-3 - 5 - 2) + (3 - -2).
-5
Evaluate -39 - -46 - ((-1 - -1) + -1).
8
What is the value of 5 + 0 + 9 + -9?
5
What is the value of -20 + 8 + 14 + -9?
-7
Calculate -1 + 0 - (-1 + (-1 - -1)).
0
What is 0 + 0 + (-1 - -3)?
2
What is the value of 9 + -10 - (-1 - -4)?
-4
Evaluate -4 + -2 + 7 + 4 + -3.
2
What is 1 - (-5 - -4 - -3) - 1?
-2
Evaluate -2 + 2 + 2 - (-8 - -12).
-2
What is -8 + 19 + 4 + -8?
7
What is the value of (-6 - -7) + -2 + 0 + 3?
2
-1 - (-4 - 2) - (7 + 7)
-9
What is (14 - -8) + -13 - 10?
-1
Evaluate 0 - -9 - (1 - -3).
5
Calculate -1 + 0 + -4 + 2.
-3
Calculate 4 + -9 + 3 + (0 - -1).
-1
-24 + 19 - (-10 + 1)
4
What is the value of (-1 + -1 - 1) + (9 - 9)?
-3
(7 - 5) + -3 - (2 - 5)
2
Calculate -3 + -1 + 4 - (2 - 3).
1
What is 4 - 3 - (7 + -9 - -5)?
-2
What is the value of (9 - 15) + 9 - 7?
-4
What is (-34 - -34) + (-3 - 0)?
-3
What is the value of 4 - 2 - (6 + 0)?
-4
Calculate 1 + 3 - (3 + (-1 - 3)).
5
What is the value of 0 + 1 + 2 + (4 - 8)?
-1
What is 2 - (-2 + 7) - (-14 + 10)?
1
Calculate -5 - (3 + -4 - 0).
-4
Evaluate (7 - -7) + -9 - 2.
3
What is (-1 + 0 - -2) + -2?
-1
Evaluate -3 + (-2 - -5) - 3.
-3
Calculate (-2 + -3 - -14) + -7.
2
Calculate 11 - 12 - (-9 - (1 - 4)).
5
What is the value of 5 + 0 + (-8 - -4)?
1
What is (6 - (-1 - 1)) + -2 + -1?
5
Calculate (-1 - -2 - 7) + (-84 - -93).
3
Evaluate -7 + (8 - (-2 - -5)).
-2
What is -6 - 2 - (3 - (-2 - -9))?
-4
Calculate (-1 - 15) + (50 - 39).
-5
What is the value of -7 - (0 - 4) - -10?
7
Calculate ((10 - 4) + -13 - -1) + 4.
-2
Calculate 0 - (-8 + 8 + -4).
4
Calculate -10 + -6 - -22 - (1 + 0).
5
Calculate -8 + (-2 - 0 - 5) + 7.
-8
What is the value of -5 - (-6 + (8 - 3))?
-4
Evaluate 7 - (0 + -2 + -6 - -10).
5
Evaluate 2 - (-7 + 5 + -5).
9
What is 10 - 3 - (7 - (1 - -1))?
2
What is 4 + 1 - 1 - (3 - 1)?
2
Calculate -2 + -7 - (-17 - -5).
3
What is the value of (-1 - 6) + (2 - -10)?
5
What is -1 - 2 - (-14 + (14 - 8))?
5
What is 12 - 9 - (6 + 0)?
-3
Calculate -4 + 4 + 2 + 5 + -2.
5
What is the value of 3 - (3 + -2) - 0?
2
(-6 - 4 - -5) + 5 + 6
6
What is the value of 2 + -4 - (-2 - 2) - 0?
2
Calculate 4 - (1 + 2 + 2).
-1
Calculate (2 + 3 + -5 - 6) + 1.
-5
Evaluate -5 - (5 - 5 - 4).
-1
Evaluate -22 - -7 - -9 - -1.
-5
0 + -6 - (58 + -56) - -15
7
Calculate 14 + (-18 - -6) - -6.
8
What is the value of -6 + 1 + (-3 - -1) - -2?
-5
What is the value of -1 + (5 - 4) + -1?
-1
Evaluate -3 + 3 - ((3 - 1) + -2).
0
-1 + 4 + -8 - 0
-5
What is the value of -2 + 6 + 2 + -9?
-3
Calculate -1 + (-2 - 0) - 0.
-3
What is 2 - 0 - (13 - 12)?
1
Evaluate -1 + 1 + 3 + 7 + -10.
0
What is (1 - 7) + 13 + -2 - 0?
5
0 + 8 + 2 - (44 - 38)
4
What is -1 + (4 - 2) + (-12 - -6)?
-5
Evaluate (-6 + 11 - 10) + (-1 - -4).
-2
What is 4 + -15 - (1 - 19)?
7
What is 2 + -1 + 0 + (-8 - -9)?
2
Evaluate 4 - (4 - 1) - -4.
5
Evaluate (-15 - -14) + (-2 - 3).
-6
Calculate -3 + 2 - (-1 - -3).
-3
Calculate 3 + 1 + 2 + -11.
-5
What is (-12 - -9) + -6 - -7?
-2
Evaluate (1 - 6) + -8 + 10.
-3
What is the value of -4 + (8 + -4 - 2 - 2)?
-4
What is (-1 - (-4 + 0 + 5)) + 7?
5
What is the value of 2 + ((-1 - 6) + 5 - 1)?
-1
Evaluate 2 + (-4 - -6) + -6.
-2
What is the value of 11 + -17 - (4 - (4 + 0))?
-6
-5 + 10 - 2 - 4
-1
-4 + -1 + 2 + (252 - 253)
-4
Evaluate 3 + -6 + 5 + -6.
-4
3 + (2 - 5) + 3
3
Evaluate -2 + (-10 - -16 - (-1 - -6)).
-1
Calculate -8 + (6 - -2) - -1.
1
Evaluate (-3 + (-8 - -8) - -18) + -4.
11
-5 - (-11 + -3 - -6)
3
What is -1 - 1 - -5 - (-2 - -7)?
-2
What is -3 - (9 + -1 - 11)?
0
What is 3 - (1 + -4 - (-13 + 9))?
2
Evaluate -2 + (-5 - -7) + 1.
1
3 - ((-2 + 0 - -10) + -4)
-1
What is the value of 16 - 10 - (5 + (-2 - -1))?
2
Evaluate 0 + 0 - 2 - -9.
7
What is -1 + -1 + (-45 - -50)?
3
What is (34 - 30) + (0 - 6)?
-2
What is 12 + (-7 - (4 - (13 + -7)))?
7
-1 - (9 + (7 - (-2 - -14)))
-5
Evaluate -3 + (-2 + 5 - -1).
1
Evaluate -1 + -8 - (-17 + -13 + 21).
0
What is -3 + (-1 + -6 - (-31 + 24))?
-3
-3 + 10 + 2 + (-5 - -3)
7
What is 6 - (-2 + 0) - (4 + 0)?
4
Calculate (-5 - -2) + (-2 - (-4 + 2)).
-3
-1 + (4 - 5 - (0 - -3))
-5
0 - (-1 + -3 - (-1 + -5))
-2
Evaluate -10 + 8 + -5 + 1.
-6
What is (1 - -5) + -9 - (0 - 2)?
-1
What is the value of 7 + (3 - (8 - 4))?
6
(-7 + 8 - 8) + 1
-6
-13 - -4 - (-4 - (-2 - -4))
-3
Evaluate (-7 - -6) + 4 - 11.
-8
What is 1 + -2 - (-32 - -35)?
-4
1 + 0 - (38 + -38) - -6
7
Evaluate -9 + 8 - (-6 - 0).
5
What is -19 - -13 - (-9 - 1)?
4
What is (1 + -4 - (33 + -32)) + 2?
-2
Evaluate -6 + -10 + 3 + 6.
-7
-1 - ((4 + -2 - -1) + -3)
-1
What is the value of -70 + 81 + (-6 - 0)?
5
5 + -1 + 3 - (-2 + 8)
1
What is -3 + -4 + 9 + -8?
-6
Calculate 2 - (4 - (2 - -4)).
4
What is (0 - 0) + -5 + 3?
-2
Evaluate -4 + 7 + 3 - (2 - 2).
6
Calculate -4 + 2 + 5 + -8.
-5
What is -1 - (-2 - (6 + -11))?
-4
What is -8 + 8 + -5 - -3?
-2
Evaluate (-3 - 0) + 16 + (-41 - -24).
-4
What is (-5 - -16) + (0 - 6)?
5
What is the value of 1 + -3 + 1 + 4?
3
3 + 1 - (-25 + 31)
-2
What is the value of -5 + 0 + 3 + -1 + -3?
-6
What is -4 + (-3 - (-1 + (4 - 5)))?
-5
What is the value of 2 - 8 - (13 - 22)?
3
Evaluate -4 + (-5 - -9) + -7.
-7
Evaluate 7 - (21 + -27 - (2 - 15)).
0
Calculate (3 - 1 - -3) + -1.
4
What is -6 - 3 - (-5 - 1) - -6?
3
What is -3 - -1 - (0 - -5)?
-7
-9 - (-10 - -6) - -3
-2
What is (76 - 79) + 1 + 8?
6
(3 - (-1 + 3) - -2) + 0
3
Calculate 0 + -6 + 18 + -5.
7
Calculate -7 + (-1 - (8 - 23)) + 1.
8
14 - (15 - (13 + -4))
8
Evaluate -8 - (-8 - (-2 + -2)).
-4
What is the value of -1 + -4 - (-11 - -2 - -9)?
-5
Calculate (-5 - 0 - (-7 - -5)) + 2.
-1
What is 5 - (-15 + (29 - 8))?
-1
(-4 - -4 - 3) + 0
-3
What is the value of 4 + (12 + 7 + -12 - 14)?
-3
Evaluate 0 - ((-1 - 8) + (-15 - -17)).
7
(-1 - 0 - -4) + -10
-7
-2 + (0 - -4 - (-14 + 13))
3
What is the value of 1 - (1 - 1 - (1 + -5))?
-3
What is 6 + 5 + (8 - (-3 - -14))?
8
Calculate (0 - 2) + (1 - 4).
-5
Calculate (0 - 6) + -3 + 1 + 5.
-3
-3 + -6 + 1 + 4
-4
Evaluate (-13 - -6) + 15 + -2.
6
Calculate -3 + (2 - (-2 - -6)).
-5
Evaluate -2 + (6 - 2) - 4.
-2
Calculate (-7 - -3 - (-2 - -1)) + 0.
-3
Evaluate 12 + -8 - (7 - -2).
-5
Calculate -9 - (-14 + (-1 - -6)).
0
-6 + 10 + -9 + 13
8
What is -3 + (-3 - (-2 + -4)) - -3?
3
-2 - 0 - (3 - 14 - -6)
3
Evaluate -3 - (9 - (0 - -7)).
-5
What is -3 + 5 - (2 + 1)?
-1
What is 4 + -4 + 4 + 3?
7
What is the value of -5 - (-10 + 2 + (-1 - -2))?
2
Evaluate -3 - -1 - -9 - 1.
6
(-3 + -3 - (-2 - 1)) + 2
-1
What is the value of 0 + 2 + -127 + 128?
3
-144 + 148 + -1 + 6
9
Calculate 4 + -2 + 1 + -3 - -2.
2
-4 - (-7 - (9 - 13))
-1
What is 6 + (-1 - -2 - 5)?
2
What is the value of -4 + -1 + (-3 - (3 + -7))?
-4
What is the value of (-9 - (-1 + -4)) + -4 + 4?
-4
7 + -6 + -15 + 10
-4
Evaluate -1 - (-1 + -9 + 18).
-9
What is the value of (1 + -13 - -11) + -9?
-10
What is the value of 1 + 6 - 1 - (68 - 65)?
3
Evaluate -4 - (16 + (-9 - 1)).
-10
Evaluate -2 + -1 - 5 - 3 - -6.
-5
-6 - -1 - (-2 - (1 + -1))
-3
What is the value of (-2 + 5 - (4 + 0)) + 4?
3
Calculate 3 + -1 - (1 + -2 + 2).
1
What is the value of (-7 - 2) + 13 + -8?
-4
(-1 - (-7 - -3)) + -3 + 1
1
What is (-53 - -49) + (-2 - (1 + -6))?
-1
Evaluate (0 - (7 + -2)) + (-15 - -19).
-1
Evaluate -5 - 4 - -18 - 9.
0
3 - 5 - (1 - 1)
-2
Evaluate (-1 - (5 - 8)) + 1.
3
What is the value of -4 + 0 + 5 - 4?
-3
Evaluate 0 + 0 + -3 - (-7 - 1).
5
Calculate 6 + (22 - 17 - (2 + -2)).
11
Calculate -1 + 0 - (2 + (-4 - -1)).
0
Evaluate -3 + (-1 - (3 + -9)).
2
What is the value of 4 - 2 - (-11 - -8)?
5
What is the value of 4 + (0 - 1 - 6)?
-3
Calculate 4 + (2 - 5) + -2.
-1
What is (0 - -1) + (-1 + 0 - -4)?
4
Calculate -10 + 2 + 4 + (-3 - -6).
-1
Calculate -17 - 1 - -14 - (-2 - 3).
1
(-19 - -9) + 8 + (0 - 1)
-3
Calculate (-2 - -12) + -6 + -7.
-3
Calculate (-7 - 1 - 0) + (2 - -1).
-5
(0 - 1) + -2 + (-3 - -1)
-5
Calculate -7 + 7 + -4 + -2.
-6
Evaluate -10 + 5 + -2 + 8.
1
12 - (-62 + 65 + (6 - 1))
4
-9 - -7 - (-1 + 2)
-3
Calculate (4 - 2) + -4 + 1 + 1.
0
What is the value of -2 + 3 + -2 + -3 + 2?
-2
What is 1 + (2 - -3) + (-1 - 1)?
4
Evaluate (-1 - -21) + -36 + 25.
9
What is the value of 4 + -22 + 8 + (5 - 0)?
-5
What is 7 + (5 - (5 - 3) - 4)?
6
Evaluate -1 + -3 + (-18 - -7 - -9).
-6
Calculate -6 + 5 - (3 + -4 - 2).
2
Calculate 18 